{"id":94,"date":"2015-09-09T14:11:35","date_gmt":"2015-09-09T14:11:35","guid":{"rendered":"http:\/\/new.buerger-fuer-eching.de\/?page_id=94"},"modified":"2026-04-05T14:34:27","modified_gmt":"2026-04-05T12:34:27","slug":"startseite","status":"publish","type":"page","link":"https:\/\/new.buerger-fuer-eching.de\/","title":{"rendered":"Startseite"},"content":{"rendered":"\n<p><\/p>\n\n\n\n<h3 class=\"wp-block-heading has-text-align-center\">        <strong>Liebe B\u00fcrgerinnen und B\u00fcrger aus Eching,<br>Dietersheim, Deutenhausen, G\u00fcnzenhausen, Hollern und Ottenburg<\/strong><\/h3>\n\n\n\n<div class=\"laufband\">\n  <div class=\"laufband-text\" style=\"color: blue; animation: laufen 25s linear infinite;\">\n    Der Vorstand und alle Mitglieder des BfE w\u00fcnschen Ihnen ein frohes Osterfest.\n  <\/div>\n<\/div>\n\n\n\n<p class=\"has-text-align-center has-larger-font-size\" style=\"font-style:normal;font-weight:700\"><\/p>\n\n\n\n<p><marquee scrollamount=\"6\" direction=\"left\" style=\"color: blue; front-size:28px; front-weight: bold;\"> <\/marquee><\/p>\n\n\n\n<p><\/p>\n\n\n\n<div class=\"laufband\">\n  <div class=\"laufband-text\">\n    N\u00e4chstes Monatstreffen am Montag, den 13.04.2026 um 19:00 Uhr im ASZ\n  <\/div>\n<\/div>\n\n\n\n<h5 class=\"wp-block-heading\">&nbsp;<\/h5>\n\n\n\n<h5 class=\"wp-block-heading\">Herzlich willkommen auf unserer Internetseite.<\/h5>\n\n\n\n<p>Wir sind eine parteifreie politische Gruppierung, die mit 2 Sitzen im Echinger Gemeinderat Ihre Interessen vertritt.<\/p>\n\n\n\n<p>2020 haben wir eine Fraktionsgemeinschaft mit der Echinger Mitte und der \u00f6dP gegr\u00fcndet. Die Fraktionsgemeinschaft ist mit 3 Sitzen im aktuellen Gemeinderat vertreten.<\/p>\n\n\n\n<p>BfE \u2013 Michaela Holzer, Manfred Wutz<br>\u00d6DP &#8211; Markus Hiereth<\/p>\n\n\n\n<a href=\"https:\/\/www.eching.de\/gemeinde-rathaus\/allgemein\/wahlen\/\" style=\"font-size: 24px;\">\n  Wahlergebnis vom 08.03.2026\n<\/a>\n\n\n\n<p>Ab dem 01.05.26 ist Manfred Wutz auf Grund es Wahlergebnisses, unser einziger Vertreter im Gemeinderat. Die Mitglieder der Fraktionsgemeinschaft, werden ihn tatkr\u00e4ftig unterst\u00fctzen.<\/p>\n\n\n\n<p>Wir setzen uns zum Wohle unserer Gemeinde und der hier lebenden Menschen ein.<\/p>\n\n\n\n<p>Unsere Grunds\u00e4tze sind:<\/p>\n\n\n\n<p><strong>offen \u2013 mutig- engagiert<\/strong><\/p>\n\n\n\n<p>Nehmen Sie&nbsp;<a href=\"https:\/\/new.buerger-fuer-eching.de\/?page_id=18\">Kontakt<\/a>&nbsp;zu uns auf und machen Sie uns zu Ihrem politischen Sprachrohr.<\/p>\n\n\n\n<h5 class=\"wp-block-heading\">B\u00fcrger f\u00fcr Eching e.V. (BfE)<\/h5>\n\n\n\n<p><\/p>\n","protected":false},"excerpt":{"rendered":"<p>Liebe B\u00fcrgerinnen und B\u00fcrger aus Eching,Dietersheim, Deutenhausen, G\u00fcnzenhausen, Hollern und Ottenburg Der Vorstand und alle Mitglieder des BfE w\u00fcnschen Ihnen ein frohes Osterfest. N\u00e4chstes Monatstreffen am Montag, den 13.04.2026 um 19:00 Uhr im ASZ &nbsp; Herzlich willkommen auf unserer Internetseite. Wir sind eine parteifreie politische Gruppierung, die mit 2 Sitzen im Echinger Gemeinderat Ihre Interessen &hellip; <\/p>\n<p><a class=\"more-link btn\" href=\"https:\/\/new.buerger-fuer-eching.de\/\">Weiterlesen<\/a><\/p>\n","protected":false},"author":2,"featured_media":0,"parent":0,"menu_order":0,"comment_status":"open","ping_status":"closed","template":"","meta":{"footnotes":""},"class_list":["post-94","page","type-page","status-publish","hentry","nodate","item-wrap"],"_links":{"self":[{"href":"https:\/\/new.buerger-fuer-eching.de\/index.php?rest_route=\/wp\/v2\/pages\/94","targetHints":{"allow":["GET"]}}],"collection":[{"href":"https:\/\/new.buerger-fuer-eching.de\/index.php?rest_route=\/wp\/v2\/pages"}],"about":[{"href":"https:\/\/new.buerger-fuer-eching.de\/index.php?rest_route=\/wp\/v2\/types\/page"}],"author":[{"embeddable":true,"href":"https:\/\/new.buerger-fuer-eching.de\/index.php?rest_route=\/wp\/v2\/users\/2"}],"replies":[{"embeddable":true,"href":"https:\/\/new.buerger-fuer-eching.de\/index.php?rest_route=%2Fwp%2Fv2%2Fcomments&post=94"}],"version-history":[{"count":148,"href":"https:\/\/new.buerger-fuer-eching.de\/index.php?rest_route=\/wp\/v2\/pages\/94\/revisions"}],"predecessor-version":[{"id":1523,"href":"https:\/\/new.buerger-fuer-eching.de\/index.php?rest_route=\/wp\/v2\/pages\/94\/revisions\/1523"}],"wp:attachment":[{"href":"https:\/\/new.buerger-fuer-eching.de\/index.php?rest_route=%2Fwp%2Fv2%2Fmedia&parent=94"}],"curies":[{"name":"wp","href":"https:\/\/api.w.org\/{rel}","templated":true}]}}

<p></p>



<h3 class="wp-block-heading has-text-align-center">        <strong>Liebe Bürgerinnen und Bürger aus Eching,<br>Dietersheim, Deutenhausen, Günzenhausen, Hollern und Ottenburg</strong></h3>



<div class="laufband">
  <div class="laufband-text" style="color: blue; animation: laufen 25s linear infinite;">
    Der Vorstand und alle Mitglieder des BfE wünschen Ihnen ein frohes Osterfest.
  </div>
</div>



<p class="has-text-align-center has-larger-font-size" style="font-style:normal;font-weight:700"></p>



<p><marquee scrollamount="6" direction="left" style="color: blue; front-size:28px; front-weight: bold;"> </marquee></p>



<p></p>



<div class="laufband">
  <div class="laufband-text">
    Nächstes Monatstreffen am Montag, den 13.04.2026 um 19:00 Uhr im ASZ
  </div>
</div>



<h5 class="wp-block-heading">&nbsp;</h5>



<h5 class="wp-block-heading">Herzlich willkommen auf unserer Internetseite.</h5>



<p>Wir sind eine parteifreie politische Gruppierung, die mit 2 Sitzen im Echinger Gemeinderat Ihre Interessen vertritt.</p>



<p>2020 haben wir eine Fraktionsgemeinschaft mit der Echinger Mitte und der ödP gegründet. Die Fraktionsgemeinschaft ist mit 3 Sitzen im aktuellen Gemeinderat vertreten.</p>



<p>BfE – Michaela Holzer, Manfred Wutz<br>ÖDP &#8211; Markus Hiereth</p>



<a href="https://www.eching.de/gemeinde-rathaus/allgemein/wahlen/" style="font-size: 24px;">
  Wahlergebnis vom 08.03.2026
</a>



<p>Ab dem 01.05.26 ist Manfred Wutz auf Grund es Wahlergebnisses, unser einziger Vertreter im Gemeinderat. Die Mitglieder der Fraktionsgemeinschaft, werden ihn tatkräftig unterstützen.</p>



<p>Wir setzen uns zum Wohle unserer Gemeinde und der hier lebenden Menschen ein.</p>



<p>Unsere Grundsätze sind:</p>



<p><strong>offen – mutig- engagiert</strong></p>



<p>Nehmen Sie&nbsp;<a href="https://new.buerger-fuer-eching.de/?page_id=18">Kontakt</a>&nbsp;zu uns auf und machen Sie uns zu Ihrem politischen Sprachrohr.</p>



<h5 class="wp-block-heading">Bürger für Eching e.V. (BfE)</h5>



<p></p>

<p>Liebe Bürgerinnen und Bürger aus Eching,Dietersheim, Deutenhausen, Günzenhausen, Hollern und Ottenburg Der Vorstand und alle Mitglieder des BfE wünschen Ihnen ein frohes Osterfest. Nächstes Monatstreffen am Montag, den 13.04.2026 um 19:00 Uhr im ASZ &nbsp; Herzlich willkommen auf unserer Internetseite. Wir sind eine parteifreie politische Gruppierung, die mit 2 Sitzen im Echinger Gemeinderat Ihre Interessen &hellip; </p>
<p><a class="more-link btn" href="https://new.buerger-fuer-eching.de/">Weiterlesen</a></p>
