{"id":127,"date":"2015-09-22T14:30:49","date_gmt":"2015-09-22T14:30:49","guid":{"rendered":"http:\/\/new.buerger-fuer-eching.de\/?page_id=127"},"modified":"2025-10-12T19:57:32","modified_gmt":"2025-10-12T17:57:32","slug":"fuer-mehr-lebensqualitaet","status":"publish","type":"page","link":"https:\/\/new.buerger-fuer-eching.de\/?page_id=127","title":{"rendered":"F\u00fcr mehr Lebensqualit\u00e4t"},"content":{"rendered":"<p>Wir haben in Eching ein Gemeindeentwicklungsprogramm, doch leider fehlt es trotz der Bem\u00fchungen um den B\u00fcrger(haus)platz, immer noch an einem Ortsentwicklungskonzept, was uns die Frage beantwortet:<\/p>\n<p>Was soll aus unserem Ort werden? Wie und wohin soll er sich entwickeln? Es wird gebaut und umgebaut, doch es fehlt jede zusammenh\u00e4ngende ortsgestalterische Gesamtplanung. Die Ortsmittegestaltung wurde nicht als gemeindliche Aufgabe in den Ma\u00dfnahmenkatalog aufgenommen. Das B\u00fcrgerhaus wurde teuer saniert, jedoch nicht in ein Gesamtkonzept von Rathaus und B\u00fcrgerhausplatz einbezogen. Es sind viele R\u00e4umlichkeiten im B\u00fcrgerhaus ungenutzt geblieben. Uns fehlt eine integrierte Planung von Verkehrs- und Radwegen. Mal hier, mal dort etwas, viel Mosaik &#8211; aber kein stimmiges Gesamtwerk!<\/p>\n<p>Wir m\u00f6chten die Lebensqualit\u00e4t der B\u00fcrgerinnen und B\u00fcrger unserer Gemeinde sichern und verbessern. Das soziale Umfeld, die M\u00f6glichkeiten zur Freizeitgestaltung und die kulturellen Angebote am Ort entscheiden mit dar\u00fcber, ob sich jemand in Eching wohl f\u00fchlt, genauso wie die gebotene Infrastruktur und die Umweltqualit\u00e4t.<\/p>\n<p>Wir m\u00f6chten, dass die Menschen nicht nur in Eching wohnen, sondern das Leben hier lebenswert finden und dass es Begegnungsst\u00e4tten gibt, wo man sich gerne aufh\u00e4lt.<\/p>\n<p>Wir wissen, dass wir hier Wirtschaftsunternehmen und Gewerbegebiete brauchen, welche das Steueraufkommen erh\u00f6hen, um geplante und w\u00fcnschenswerte Ma\u00dfnahmen in den Bereichen Umwelt, Soziales und Kultur zu finanzieren. Trotzdem waren wir kritisch genug, ein geplantes Gro\u00dfbauprojekt wie die Therme am Hollerner See mit Hotel, Parkhaus und angrenzendem Wohn-\/Gewerbegebiet zu hinterfragen. Auf Grund der vorliegenden Fakten und zu erwartenden negativen Auswirkungen, haben wir dieses abgelehnt. Wir sind gegen einen zweiten Parkplatz Richtung Unterschlei\u00dfheim, gegen eine Anbindung an die B 13 und gegen jeglichen weiteren Autoverkehr am See.<\/p>\n<h3><strong>Unsere Ziele:<\/strong><\/h3>\n<ul>\n<li>Unseren vernachl\u00e4ssigten Ortskern zu beleben und attraktiver zu gestalten.<\/li>\n<li>Die soziale Ausgewogenheit wahren, besonders im \u00a0Hinblick auf Wohnen, Arbeiten und soziale Einrichtungen<\/li>\n<li>Offener Dialog mit allen Betroffenen, statt einsame Entscheidungen im Rathaus<\/li>\n<li>Entwickeln und Abw\u00e4gen von Alternativen<\/li>\n<li>Gemeinwohl geht vor Eigennutz, bei Wahrung der berechtigten Interessen von Minderheiten.<\/li>\n<\/ul>\n<h3><strong>Unsere Ideen:<\/strong><\/h3>\n<ul>\n<li>Die Ortsmitte und angrenzende Bereiche rechtzeitig mit Bebauungspl\u00e4nen belegen.<\/li>\n<li>Transparenz und fr\u00fchzeitiges Einbeziehen der B\u00fcrger in Entscheidungsvorg\u00e4nge, statt Geheimverhandlungen.<\/li>\n<li>F\u00f6rderung und Unterst\u00fctzung von Eigeninitiative und b\u00fcrgerschaftlichem Engagement, statt Verwaltung von B\u00fcrgerinteressen.<\/li>\n<li>Das Erholungsgebiet Hollerner See naturnah ausbauen.<\/li>\n<\/ul>\n","protected":false},"excerpt":{"rendered":"<p>Wir haben in Eching ein Gemeindeentwicklungsprogramm, doch leider fehlt es trotz der Bem\u00fchungen um den B\u00fcrger(haus)platz, immer noch an einem Ortsentwicklungskonzept, was uns die Frage beantwortet: Was soll aus unserem Ort werden? Wie und wohin soll er sich entwickeln? Es wird gebaut und umgebaut, doch es fehlt jede zusammenh\u00e4ngende ortsgestalterische Gesamtplanung. Die Ortsmittegestaltung wurde nicht &hellip; <\/p>\n<p><a class=\"more-link btn\" href=\"https:\/\/new.buerger-fuer-eching.de\/?page_id=127\">Weiterlesen<\/a><\/p>\n","protected":false},"author":2,"featured_media":0,"parent":38,"menu_order":0,"comment_status":"open","ping_status":"open","template":"","meta":{"footnotes":""},"class_list":["post-127","page","type-page","status-publish","hentry","nodate","item-wrap"],"_links":{"self":[{"href":"https:\/\/new.buerger-fuer-eching.de\/index.php?rest_route=\/wp\/v2\/pages\/127","targetHints":{"allow":["GET"]}}],"collection":[{"href":"https:\/\/new.buerger-fuer-eching.de\/index.php?rest_route=\/wp\/v2\/pages"}],"about":[{"href":"https:\/\/new.buerger-fuer-eching.de\/index.php?rest_route=\/wp\/v2\/types\/page"}],"author":[{"embeddable":true,"href":"https:\/\/new.buerger-fuer-eching.de\/index.php?rest_route=\/wp\/v2\/users\/2"}],"replies":[{"embeddable":true,"href":"https:\/\/new.buerger-fuer-eching.de\/index.php?rest_route=%2Fwp%2Fv2%2Fcomments&post=127"}],"version-history":[{"count":6,"href":"https:\/\/new.buerger-fuer-eching.de\/index.php?rest_route=\/wp\/v2\/pages\/127\/revisions"}],"predecessor-version":[{"id":1220,"href":"https:\/\/new.buerger-fuer-eching.de\/index.php?rest_route=\/wp\/v2\/pages\/127\/revisions\/1220"}],"up":[{"embeddable":true,"href":"https:\/\/new.buerger-fuer-eching.de\/index.php?rest_route=\/wp\/v2\/pages\/38"}],"wp:attachment":[{"href":"https:\/\/new.buerger-fuer-eching.de\/index.php?rest_route=%2Fwp%2Fv2%2Fmedia&parent=127"}],"curies":[{"name":"wp","href":"https:\/\/api.w.org\/{rel}","templated":true}]}}

Für mehr Lebensqualität

<p>Wir haben in Eching ein Gemeindeentwicklungsprogramm, doch leider fehlt es trotz der Bemühungen um den Bürger(haus)platz, immer noch an einem Ortsentwicklungskonzept, was uns die Frage beantwortet:</p>
<p>Was soll aus unserem Ort werden? Wie und wohin soll er sich entwickeln? Es wird gebaut und umgebaut, doch es fehlt jede zusammenhängende ortsgestalterische Gesamtplanung. Die Ortsmittegestaltung wurde nicht als gemeindliche Aufgabe in den Maßnahmenkatalog aufgenommen. Das Bürgerhaus wurde teuer saniert, jedoch nicht in ein Gesamtkonzept von Rathaus und Bürgerhausplatz einbezogen. Es sind viele Räumlichkeiten im Bürgerhaus ungenutzt geblieben. Uns fehlt eine integrierte Planung von Verkehrs- und Radwegen. Mal hier, mal dort etwas, viel Mosaik &#8211; aber kein stimmiges Gesamtwerk!</p>
<p>Wir möchten die Lebensqualität der Bürgerinnen und Bürger unserer Gemeinde sichern und verbessern. Das soziale Umfeld, die Möglichkeiten zur Freizeitgestaltung und die kulturellen Angebote am Ort entscheiden mit darüber, ob sich jemand in Eching wohl fühlt, genauso wie die gebotene Infrastruktur und die Umweltqualität.</p>
<p>Wir möchten, dass die Menschen nicht nur in Eching wohnen, sondern das Leben hier lebenswert finden und dass es Begegnungsstätten gibt, wo man sich gerne aufhält.</p>
<p>Wir wissen, dass wir hier Wirtschaftsunternehmen und Gewerbegebiete brauchen, welche das Steueraufkommen erhöhen, um geplante und wünschenswerte Maßnahmen in den Bereichen Umwelt, Soziales und Kultur zu finanzieren. Trotzdem waren wir kritisch genug, ein geplantes Großbauprojekt wie die Therme am Hollerner See mit Hotel, Parkhaus und angrenzendem Wohn-/Gewerbegebiet zu hinterfragen. Auf Grund der vorliegenden Fakten und zu erwartenden negativen Auswirkungen, haben wir dieses abgelehnt. Wir sind gegen einen zweiten Parkplatz Richtung Unterschleißheim, gegen eine Anbindung an die B 13 und gegen jeglichen weiteren Autoverkehr am See.</p>
<h3><strong>Unsere Ziele:</strong></h3>
<ul>
<li>Unseren vernachlässigten Ortskern zu beleben und attraktiver zu gestalten.</li>
<li>Die soziale Ausgewogenheit wahren, besonders im  Hinblick auf Wohnen, Arbeiten und soziale Einrichtungen</li>
<li>Offener Dialog mit allen Betroffenen, statt einsame Entscheidungen im Rathaus</li>
<li>Entwickeln und Abwägen von Alternativen</li>
<li>Gemeinwohl geht vor Eigennutz, bei Wahrung der berechtigten Interessen von Minderheiten.</li>
</ul>
<h3><strong>Unsere Ideen:</strong></h3>
<ul>
<li>Die Ortsmitte und angrenzende Bereiche rechtzeitig mit Bebauungsplänen belegen.</li>
<li>Transparenz und frühzeitiges Einbeziehen der Bürger in Entscheidungsvorgänge, statt Geheimverhandlungen.</li>
<li>Förderung und Unterstützung von Eigeninitiative und bürgerschaftlichem Engagement, statt Verwaltung von Bürgerinteressen.</li>
<li>Das Erholungsgebiet Hollerner See naturnah ausbauen.</li>
</ul>

<p>Wir haben in Eching ein Gemeindeentwicklungsprogramm, doch leider fehlt es trotz der Bemühungen um den Bürger(haus)platz, immer noch an einem Ortsentwicklungskonzept, was uns die Frage beantwortet: Was soll aus unserem Ort werden? Wie und wohin soll er sich entwickeln? Es wird gebaut und umgebaut, doch es fehlt jede zusammenhängende ortsgestalterische Gesamtplanung. Die Ortsmittegestaltung wurde nicht &hellip; </p>
<p><a class="more-link btn" href="https://new.buerger-fuer-eching.de/?page_id=127">Weiterlesen</a></p>
