{"id":125,"date":"2015-09-22T14:30:03","date_gmt":"2015-09-22T14:30:03","guid":{"rendered":"http:\/\/new.buerger-fuer-eching.de\/?page_id=125"},"modified":"2016-10-03T11:52:01","modified_gmt":"2016-10-03T11:52:01","slug":"hollerner-see","status":"publish","type":"page","link":"https:\/\/new.buerger-fuer-eching.de\/?page_id=125","title":{"rendered":"Hollerner See"},"content":{"rendered":"<p>Der Hollerner See liegt zwischen den Gemeinden Eching und Unterschlei\u00dfheim und ist durch Kiesabbau entstanden. Die M\u00fcnchner Kies Union MKU beendete im Winter 2014\/2015 den Kiesabbau. Seit ca. Fr\u00fchjahr 2015 wird nur noch im Bereich des Kieswerks selbst ausgebaggert und die Rekultivierung durchgef\u00fchrt.<\/p>\n<p>Der Erholungsfl\u00e4chenverein M\u00fcnchen hat bereits einen Teil des Seegel\u00e4ndes \u00fcbernommen. Im Juni 2011 wurde der erste Bauabschnitt im \u00f6stlichen Bereich des Erholungsgebiets Hollerner See feierlich er\u00f6ffnet und zur \u00f6ffentlichen Nutzung freigegeben. Dort befindet sich an der ST 2053 ein Parkplatz f\u00fcr ca. 600 PKWs. Der zweite Bauabschnitt im Norden des Seegel\u00e4ndes soll voraussichtlich 2020 fertig werden.<\/p>\n<p>Das gesamte Erholungsgebiet soll 90 ha umfassen. Aus den urspr\u00fcnglichen drei Seen wird dann ein gro\u00dfer See entstehen mit einer Fl\u00e4che von ca. 37,6 ha und einer Insel.<\/p>\n<p>&nbsp;<\/p>\n<p>2004 haben die Stadt Unterschlei\u00dfheim und die Gemeinde Eching einen Zweckverband gegr\u00fcndet mit dem Ziel, das Erholungsgebiet Hollerner See unter Einbeziehung des Thermalwassers aus Unterschlei\u00dfheim auszubauen. Hinter verschlossenen T\u00fcren wurde im nordwestlichen Bereich eine gro\u00dffl\u00e4chige Thermenplanung mit Hotel, Gewerbe- und Wohngebiet vorangetrieben. 2010 wurden diese Pl\u00e4ne durch einen B\u00fcrgerentscheid in Unterschlei\u00dfheim gekippt. Die B\u00fcrger in Unterschlei\u00dfheim votierten mehrheitlich f\u00fcr folgende Standpunkte:<\/p>\n<ul>\n<li>Die im Besitz der Stadt Unterschlei\u00dfheim befindlichen Grundst\u00fccke werden nicht zur Vef\u00fcgung gestellt.<\/li>\n<li>Die Stadt Unterschlei\u00dfheim tritt aus dem Zweckverband aus.<\/li>\n<li>Es wird kein Thermalwasser, Trinkwasser und die dazugeh\u00f6rige Infrastruktur zur Verf\u00fcgung gestellt.<\/li>\n<li>Es werden keine positiven Stellungnahmen in den Genehmigungsverfahren abgegeben<\/li>\n<li>Es wird kein Kommunalunternehmen mit der Gemeinde Eching zur Entwicklung der Thermenpl\u00e4ne gegr\u00fcndet<\/li>\n<li>Die Stadt Unterschlei\u00dfheim tritt stattdessen f\u00fcr die Entwicklung eines naturnahen Erholungsgebietes ein.<\/li>\n<\/ul>\n<p>Nachdem ein Ausstieg Unterschlei\u00dfheims aus dem Zweckverband einer Zustimmung von 2\/3 der Mitglieder bedurft h\u00e4tte und rechtlich problematisch war, hat man sich auf eine neue Satzung geeinigt. Darin ist das urspr\u00fcngliche Ziel Therme nicht mehr enthalten. Durch einen Beschluss im Zweckverband Hollerner See wurden Grundst\u00fccke im Nordwesten aus dem Umgriff herausgenommen \u2013 wof\u00fcr eine Mehrheit nur dadurch zustande kam, dass der damalige B\u00fcrgermeister Unterschlei\u00dfheims Zeitler entgegen der Weisung des Stadtrats daf\u00fcr stimmte.<\/p>\n<p>Die weitere Entwicklung des nordwestlichen Bereichs ist auch derzeit noch ungekl\u00e4rt. W\u00e4hrend sich Unterschlei\u00dfheim weiter an den B\u00fcrgerentscheid halten will, wird in Eching immer wieder von einer Ganzjahresnutzung, der Errichtung eines Parkplatzes f\u00fcr 1000 PKWs am Nordwestufer mit Anschluss an die B13 und dem erforderlichen R\u00fcckfluss f\u00fcr get\u00e4tigte Investitionen beim Grundst\u00fcckskauf gesprochen.<\/p>\n<p>&nbsp;<\/p>\n<p>Am 30.09.2014 wurde im Gemeinderat Eching der Beschluss gefasst, dass ein Plangutachten zur Untersuchung mehrerer Ausbau- und Entwicklungsstufen f\u00fcr ein endg\u00fcltiges Nutzungskonzept am Hollerner See durchgef\u00fchrt wird. Federf\u00fchrend ist der Planungsverband \u00c4u\u00dferer Wirtschaftsraum M\u00fcnchen. Im M\u00e4rz 2015 fand ein B\u00fcrgerworkshop im B\u00fcrgerhaus Eching statt, in dem die Meinung der B\u00fcrger abgefragt wurde. Darauf folgte eine Besichtigungsfahrt der Gemeinder\u00e4te aus Eching und Stadtr\u00e4te aus Unterschlei\u00dfheim zu Seen mit unterschiedlichen Nutzungen: Tegernsee \u2013 Seesauna, Tennsee \u2013 Campingplatz, Aschheim \u2013 Wakeboardanlage, Feringasee \u2013 Restaurant. Im Juli 2015 gab es einen Workshop zur Erarbeitung der Aufgabenbeschreibung f\u00fcr das Plangutachtenverfahren. Der Planungsverband \u00c4u\u00dferer Wirtschaftsraum wird nunmehr den Entwurf eines Auslobungstextes vorbereiten. Die Auslobung muss dann im Gemeinderat beschlossen werden. Die Einzelheiten zum bisherigen Ablauf des Plangutachtenverfahrens sind auf der Webseite der Gemeinde Eching <a href=\"http:\/\/www.eching.de\" target=\"_blank\">www.eching.de<\/a> unter dem Punkt \u201eHollerner See\u201c abrufbar.<\/p>\n<p>&nbsp;<\/p>\n<h3><strong>Unsere Ziele:<\/strong><\/h3>\n<ul>\n<li>Kein Gro\u00dfprojekt am Hollerner See mit einer zus\u00e4tzlichen Verkehrsbelastung in Eching<\/li>\n<li>Neben den beiden intensiv genutzten Badebereichen soll der nordwestliche Teil des Gel\u00e4ndes naturnah und autofrei bleiben<\/li>\n<li>Erhalt des Gr\u00fcng\u00fcrtel zwischen Unterschlei\u00dfheim und Eching<\/li>\n<li>Unseren Kindern eine lebens- und liebenswerte Natur hinterlassen<\/li>\n<\/ul>\n<p>Daf\u00fcr werden wir uns auch weiterhin einsetzen und hoffen auf Ihre Unterst\u00fctzung!<\/p>\n<p>&nbsp;<\/p>\n<p>Im Sommer 2012 haben wir gemeinsam mit anderen Gruppierungen aus Eching und Unterschlei\u00dfheim einen Fotowettbewerb mit anschlie\u00dfender Preisverleihung am See sowie Fotoausstellungen in Eching und Unterschlei\u00dfheim organisiert. Seitdem findet j\u00e4hrlich das HollernerSeeFest statt.<\/p>\n<p><a href=\"https:\/\/www.unterschleissheim.de\/uploads\/media\/Verbandssatzung_Fassung_25.07.13_klein.pdf\" target=\"_blank\">Satzung Hollerner See<\/a><\/p>\n","protected":false},"excerpt":{"rendered":"<p>Der Hollerner See liegt zwischen den Gemeinden Eching und Unterschlei\u00dfheim und ist durch Kiesabbau entstanden. Die M\u00fcnchner Kies Union MKU beendete im Winter 2014\/2015 den Kiesabbau. Seit ca. Fr\u00fchjahr 2015 wird nur noch im Bereich des Kieswerks selbst ausgebaggert und die Rekultivierung durchgef\u00fchrt. Der Erholungsfl\u00e4chenverein M\u00fcnchen hat bereits einen Teil des Seegel\u00e4ndes \u00fcbernommen. Im Juni &hellip; <\/p>\n<p><a class=\"more-link btn\" href=\"https:\/\/new.buerger-fuer-eching.de\/?page_id=125\">Weiterlesen<\/a><\/p>\n","protected":false},"author":2,"featured_media":0,"parent":38,"menu_order":0,"comment_status":"open","ping_status":"open","template":"","meta":{"footnotes":""},"class_list":["post-125","page","type-page","status-publish","hentry","nodate","item-wrap"],"_links":{"self":[{"href":"https:\/\/new.buerger-fuer-eching.de\/index.php?rest_route=\/wp\/v2\/pages\/125","targetHints":{"allow":["GET"]}}],"collection":[{"href":"https:\/\/new.buerger-fuer-eching.de\/index.php?rest_route=\/wp\/v2\/pages"}],"about":[{"href":"https:\/\/new.buerger-fuer-eching.de\/index.php?rest_route=\/wp\/v2\/types\/page"}],"author":[{"embeddable":true,"href":"https:\/\/new.buerger-fuer-eching.de\/index.php?rest_route=\/wp\/v2\/users\/2"}],"replies":[{"embeddable":true,"href":"https:\/\/new.buerger-fuer-eching.de\/index.php?rest_route=%2Fwp%2Fv2%2Fcomments&post=125"}],"version-history":[{"count":8,"href":"https:\/\/new.buerger-fuer-eching.de\/index.php?rest_route=\/wp\/v2\/pages\/125\/revisions"}],"predecessor-version":[{"id":529,"href":"https:\/\/new.buerger-fuer-eching.de\/index.php?rest_route=\/wp\/v2\/pages\/125\/revisions\/529"}],"up":[{"embeddable":true,"href":"https:\/\/new.buerger-fuer-eching.de\/index.php?rest_route=\/wp\/v2\/pages\/38"}],"wp:attachment":[{"href":"https:\/\/new.buerger-fuer-eching.de\/index.php?rest_route=%2Fwp%2Fv2%2Fmedia&parent=125"}],"curies":[{"name":"wp","href":"https:\/\/api.w.org\/{rel}","templated":true}]}}

<p>Der Hollerner See liegt zwischen den Gemeinden Eching und Unterschleißheim und ist durch Kiesabbau entstanden. Die Münchner Kies Union MKU beendete im Winter 2014/2015 den Kiesabbau. Seit ca. Frühjahr 2015 wird nur noch im Bereich des Kieswerks selbst ausgebaggert und die Rekultivierung durchgeführt.</p>
<p>Der Erholungsflächenverein München hat bereits einen Teil des Seegeländes übernommen. Im Juni 2011 wurde der erste Bauabschnitt im östlichen Bereich des Erholungsgebiets Hollerner See feierlich eröffnet und zur öffentlichen Nutzung freigegeben. Dort befindet sich an der ST 2053 ein Parkplatz für ca. 600 PKWs. Der zweite Bauabschnitt im Norden des Seegeländes soll voraussichtlich 2020 fertig werden.</p>
<p>Das gesamte Erholungsgebiet soll 90 ha umfassen. Aus den ursprünglichen drei Seen wird dann ein großer See entstehen mit einer Fläche von ca. 37,6 ha und einer Insel.</p>
<p>&nbsp;</p>
<p>2004 haben die Stadt Unterschleißheim und die Gemeinde Eching einen Zweckverband gegründet mit dem Ziel, das Erholungsgebiet Hollerner See unter Einbeziehung des Thermalwassers aus Unterschleißheim auszubauen. Hinter verschlossenen Türen wurde im nordwestlichen Bereich eine großflächige Thermenplanung mit Hotel, Gewerbe- und Wohngebiet vorangetrieben. 2010 wurden diese Pläne durch einen Bürgerentscheid in Unterschleißheim gekippt. Die Bürger in Unterschleißheim votierten mehrheitlich für folgende Standpunkte:</p>
<ul>
<li>Die im Besitz der Stadt Unterschleißheim befindlichen Grundstücke werden nicht zur Vefügung gestellt.</li>
<li>Die Stadt Unterschleißheim tritt aus dem Zweckverband aus.</li>
<li>Es wird kein Thermalwasser, Trinkwasser und die dazugehörige Infrastruktur zur Verfügung gestellt.</li>
<li>Es werden keine positiven Stellungnahmen in den Genehmigungsverfahren abgegeben</li>
<li>Es wird kein Kommunalunternehmen mit der Gemeinde Eching zur Entwicklung der Thermenpläne gegründet</li>
<li>Die Stadt Unterschleißheim tritt stattdessen für die Entwicklung eines naturnahen Erholungsgebietes ein.</li>
</ul>
<p>Nachdem ein Ausstieg Unterschleißheims aus dem Zweckverband einer Zustimmung von 2/3 der Mitglieder bedurft hätte und rechtlich problematisch war, hat man sich auf eine neue Satzung geeinigt. Darin ist das ursprüngliche Ziel Therme nicht mehr enthalten. Durch einen Beschluss im Zweckverband Hollerner See wurden Grundstücke im Nordwesten aus dem Umgriff herausgenommen – wofür eine Mehrheit nur dadurch zustande kam, dass der damalige Bürgermeister Unterschleißheims Zeitler entgegen der Weisung des Stadtrats dafür stimmte.</p>
<p>Die weitere Entwicklung des nordwestlichen Bereichs ist auch derzeit noch ungeklärt. Während sich Unterschleißheim weiter an den Bürgerentscheid halten will, wird in Eching immer wieder von einer Ganzjahresnutzung, der Errichtung eines Parkplatzes für 1000 PKWs am Nordwestufer mit Anschluss an die B13 und dem erforderlichen Rückfluss für getätigte Investitionen beim Grundstückskauf gesprochen.</p>
<p>&nbsp;</p>
<p>Am 30.09.2014 wurde im Gemeinderat Eching der Beschluss gefasst, dass ein Plangutachten zur Untersuchung mehrerer Ausbau- und Entwicklungsstufen für ein endgültiges Nutzungskonzept am Hollerner See durchgeführt wird. Federführend ist der Planungsverband Äußerer Wirtschaftsraum München. Im März 2015 fand ein Bürgerworkshop im Bürgerhaus Eching statt, in dem die Meinung der Bürger abgefragt wurde. Darauf folgte eine Besichtigungsfahrt der Gemeinderäte aus Eching und Stadträte aus Unterschleißheim zu Seen mit unterschiedlichen Nutzungen: Tegernsee – Seesauna, Tennsee – Campingplatz, Aschheim – Wakeboardanlage, Feringasee – Restaurant. Im Juli 2015 gab es einen Workshop zur Erarbeitung der Aufgabenbeschreibung für das Plangutachtenverfahren. Der Planungsverband Äußerer Wirtschaftsraum wird nunmehr den Entwurf eines Auslobungstextes vorbereiten. Die Auslobung muss dann im Gemeinderat beschlossen werden. Die Einzelheiten zum bisherigen Ablauf des Plangutachtenverfahrens sind auf der Webseite der Gemeinde Eching <a href="http://www.eching.de" target="_blank">www.eching.de</a> unter dem Punkt „Hollerner See“ abrufbar.</p>
<p>&nbsp;</p>
<h3><strong>Unsere Ziele:</strong></h3>
<ul>
<li>Kein Großprojekt am Hollerner See mit einer zusätzlichen Verkehrsbelastung in Eching</li>
<li>Neben den beiden intensiv genutzten Badebereichen soll der nordwestliche Teil des Geländes naturnah und autofrei bleiben</li>
<li>Erhalt des Grüngürtel zwischen Unterschleißheim und Eching</li>
<li>Unseren Kindern eine lebens- und liebenswerte Natur hinterlassen</li>
</ul>
<p>Dafür werden wir uns auch weiterhin einsetzen und hoffen auf Ihre Unterstützung!</p>
<p>&nbsp;</p>
<p>Im Sommer 2012 haben wir gemeinsam mit anderen Gruppierungen aus Eching und Unterschleißheim einen Fotowettbewerb mit anschließender Preisverleihung am See sowie Fotoausstellungen in Eching und Unterschleißheim organisiert. Seitdem findet jährlich das HollernerSeeFest statt.</p>
<p><a href="https://www.unterschleissheim.de/uploads/media/Verbandssatzung_Fassung_25.07.13_klein.pdf" target="_blank">Satzung Hollerner See</a></p>

<p>Der Hollerner See liegt zwischen den Gemeinden Eching und Unterschleißheim und ist durch Kiesabbau entstanden. Die Münchner Kies Union MKU beendete im Winter 2014/2015 den Kiesabbau. Seit ca. Frühjahr 2015 wird nur noch im Bereich des Kieswerks selbst ausgebaggert und die Rekultivierung durchgeführt. Der Erholungsflächenverein München hat bereits einen Teil des Seegeländes übernommen. Im Juni &hellip; </p>
<p><a class="more-link btn" href="https://new.buerger-fuer-eching.de/?page_id=125">Weiterlesen</a></p>
