{"id":102,"date":"2015-09-15T16:10:13","date_gmt":"2015-09-15T16:10:13","guid":{"rendered":"http:\/\/new.buerger-fuer-eching.de\/?page_id=102"},"modified":"2024-03-09T17:00:29","modified_gmt":"2024-03-09T16:00:29","slug":"gemeinderaete","status":"publish","type":"page","link":"https:\/\/new.buerger-fuer-eching.de\/?page_id=102","title":{"rendered":"Gemeinder\u00e4te der Fraktionsgemeinschaft"},"content":{"rendered":"\n<h3 class=\"wp-block-heading\">B\u00fcrger f\u00fcr Eching &#8211; Echinger Mitte &#8211; \u00d6DP<\/h3>\n\n\n<hr \/>\n<h4><strong>Michaela Holzer<\/strong><\/h4>\n<p>Gemeinder\u00e4tin B\u00fcrger f\u00fcr Eching<br \/>Fraktionsvorsitzende<\/p>\n<p style=\"padding-left: 40px;\"><a href=\"https:\/\/new.buerger-fuer-eching.de\/wp-content\/uploads\/2020\/05\/MichaelaHolzer55.jpg\"><img loading=\"lazy\" decoding=\"async\" class=\"wp-image-866 size-thumbnail alignnone\" src=\"https:\/\/new.buerger-fuer-eching.de\/wp-content\/uploads\/2020\/05\/MichaelaHolzer55-150x150.jpg\" alt=\"\" width=\"150\" height=\"150\" \/><\/a><\/p>\n<p><strong>Mitglied in folgenden Aussch\u00fcssen und Verb\u00e4nden: \u00a0\u00a0 <\/strong><\/p>\n<ul>\n<li>Haupt- und Finanzausschuss<\/li>\n<li>Zweckverband Erholungsgebiet Hollerner See Eching\/Unterschlei\u00dfheim<\/li>\n<\/ul>\n<p><strong>Geboren: <\/strong>1964<\/p>\n<p><strong>Beruf:<\/strong> Rechtsanwaltsfachangestellte<\/p>\n<p><strong>Familienstand:<\/strong> verheiratet, 2 Kinder<\/p>\n<p><strong>Ehren\u00e4mter:<\/strong> Gemeinder\u00e4tin seit 2014, Wahlhelferin, Schriftf\u00fchrerin der B\u00fcrger f\u00fcr Eching e.V.<\/p>\n<p><strong>Interessenschwerpunkte:<\/strong>\u00a0 Hollerner See, Verkehr, B\u00fcrgerbeteiligung<\/p>\n<p><strong>Kontakt:<\/strong> <a href=\"mailto:michaela-holzer@buerger-fuer-eching.de\">michaela-holzer@buerger-fuer-eching.de<\/a><\/p>\n<hr \/>\n<h4><strong>M<\/strong><strong>anfred Wutz<br \/><\/strong><strong><br \/><\/strong><\/h4>\n<p>Gemeinderat B\u00fcrger f\u00fcr Eching<\/p>\n<p><a href=\"https:\/\/new.buerger-fuer-eching.de\/wp-content\/uploads\/2023\/03\/022513-041a-e1679939334659.jpg\"><img loading=\"lazy\" decoding=\"async\" class=\"alignleft size-thumbnail wp-image-891\" src=\"https:\/\/new.buerger-fuer-eching.de\/wp-content\/uploads\/2023\/03\/022513-041a-e1679939334659-150x150.jpg\" alt=\"\" width=\"150\" height=\"150\" \/><\/a><\/p>\n<p>\u00a0<\/p>\n<p>\u00a0<\/p>\n<p>\u00a0<\/p>\n<p>\u00a0<\/p>\n<p><strong>Mitglied in folgenden Aussch\u00fcssen und Verb\u00e4nden:<\/strong><\/p>\n<ul>\n<li>Bau-, Planungs- und Umweltausschuss<\/li>\n<li>Jugendrat<\/li>\n<\/ul>\n<p><strong><br \/>Geboren: <\/strong>1981<\/p>\n<p><strong>Beruf: <\/strong>Elektroingenieur<\/p>\n<p><strong>Familienstand: <\/strong>ledig<\/p>\n<p><strong>Ehren\u00e4mter: <\/strong>Gemeinderat seit 2020, 1. Vorsitzender der B\u00fcrger f\u00fcr Eching e.V. seit 2019, Fu\u00dfballschiedsrichte, Schiedsrichter-Obmann beim TSV Eching<\/p>\n<p><strong>Interessenschwerpunkte: <\/strong>Bauen, Wohnen, Ortsentwicklung, Verkehr<\/p>\n<p><strong>Kontakt:<\/strong> <a href=\"mailto:Manfred.Wutz@buerger-fuer-eching.de\">Manfred.Wutz@buerger-fuer-eching.de<\/a><\/p>\n<hr \/>\n<h3>Markus Hiereth<\/h3>\n<p>Gemeinderat \u00d6DP<\/p>\n<h3><img loading=\"lazy\" decoding=\"async\" class=\"\" src=\"https:\/\/new.buerger-fuer-eching.de\/wp-content\/uploads\/2024\/01\/markus_hiereth_OeDP-1.jpg\" width=\"136\" height=\"134\" \/><\/h3>\n<h5>\u00a0<\/h5>\n<h5>Mitglied in folgenden Aussch\u00fcssen:<\/h5>\n<ul>\n<li>Rechnungspr\u00fcfungssausschuss<\/li>\n<li>Abwasserzweckverband Unterschlei\u00dfheim, Eching, Neufahrn<\/li>\n<\/ul>\n<p><strong>Geboren:<\/strong>\u00a0 1963<\/p>\n<p><strong>Beruf:\u00a0<\/strong> Diplom-Biochemiker<\/p>\n<p><strong>Familienstand:<\/strong>\u00a0 ledig<\/p>\n<p><strong>Ehren\u00e4mter:<\/strong>\u00a0 Gemeinderat 2024, im Vorstand des \u00d6DP-Ortsverbands Neufahrn-Eching, des Imkervereins F\u00fcrholzen<\/p>\n<p><strong>Kontakt: \u00a0 <\/strong><a href=\"https:\/\/oedp-eching.de\/index.php?inhalt=3904\">siehe Link zur \u00d6DP<\/a><\/p>\n<p>\u00a0<\/p>\n<hr \/>\n<p><!--more--><\/p>\n<h3>Ehemalige Gemeinder\u00e4te<\/h3>\n<h3>B\u00fcrger f\u00fcr Eching<\/h3>\n<h4>2014 bis 2020<\/h4>\n<h5><strong>Sylvia Jung<\/strong><\/h5>\n<p><strong><a href=\"https:\/\/new.buerger-fuer-eching.de\/wp-content\/uploads\/2016\/02\/Sylvia.jpg\"><img loading=\"lazy\" decoding=\"async\" class=\"size-thumbnail wp-image-426 alignnone\" src=\"https:\/\/new.buerger-fuer-eching.de\/wp-content\/uploads\/2016\/02\/Sylvia-e1454872018638-150x150.jpg\" alt=\"\" width=\"150\" height=\"150\" \/><\/a><\/strong><\/p>\n<p><strong>Geboren: <\/strong>1961<\/p>\n<p><strong>Beruf: <\/strong>Erzieherin<\/p>\n<p><strong>Familienstand: <\/strong>verheiratet, 2 Kinder<\/p>\n<p><strong>Ehren\u00e4mter: <\/strong>Gemeinder\u00e4tin von 2014 bis 2020, 2. Vorsitzende der B\u00fcrger f\u00fcr Eching e.V. seit 2019 davor 1. Vorsitzende, Betriebsrat und Sicherheitsbeauftragte in einem Verlag, Mitglied im Helferkreis Asyl<\/p>\n<p><strong>Interessenschwerpunkte: <\/strong>Bauen, Wohnen, Ortsgestaltung<\/p>\n<p><strong>Kontakt:<\/strong> <a href=\"mailto:sylvia\u2013jung@buerger-fuer-eching.de\">sylvia\u2013jung@buerger-fuer-eching.de<\/a><\/p>\n<hr \/>\n<h3>Echinger Mitte<\/h3>\n<h4>2016 bis 2022<\/h4>\n<h4>Bertram B\u00f6hm<\/h4>\n<p><a href=\"https:\/\/new.buerger-fuer-eching.de\/wp-content\/uploads\/2020\/05\/BertramB\u00f6hm-e1588762423718.jpg\"><img loading=\"lazy\" decoding=\"async\" class=\"wp-image-861 size-thumbnail alignnone\" src=\"https:\/\/new.buerger-fuer-eching.de\/wp-content\/uploads\/2020\/05\/BertramB\u00f6hm-e1588762423718-150x150.jpg\" alt=\"\" width=\"150\" height=\"150\" \/><\/a><\/p>\n<p><strong><br \/>Geboren: <\/strong>1959<\/p>\n<p><strong>Beruf: <\/strong>selbst\u00e4ndiger Rechtsanwalt<\/p>\n<p><strong>Familienstand: <\/strong>geschieden, drei Kinder<\/p>\n<p><strong>Ehren\u00e4mter: <\/strong>Gemeinderat seit 2008, Gr\u00fcnder und 1. Vorsitzender der Echinger Mitte e.V., Mitglied im Bundesvorstand Mehr Demokratie e.V., Vorsitzender und Initiator des Gemeinn\u00fctzigen Sozial-fonds e.V., Mitglied F\u00fchrungskreis der GFE Gesellschaft zur F\u00f6rderung der Erlebnisp\u00e4dagogik e.V. (<a href=\"http:\/\/www.erlebnistage.de\">www.erlebnistage.de<\/a>)<\/p>\n<p><strong>Interessenschwerpunkte: <\/strong>Ortsentwicklung, Verkehr, B\u00fcrgerbeteiligung<\/p>\n<p><strong>Kontakt:<\/strong>\u00a0 ra.boehm@t-online.de<\/p>\n<hr \/>\n<h3>Parteilos<\/h3>\n<h4>2022 bis 2023<\/h4>\n<h4>Alexander Krimmer<\/h4>\n<p><img loading=\"lazy\" decoding=\"async\" class=\"alignnone  wp-image-1039\" src=\"https:\/\/new.buerger-fuer-eching.de\/wp-content\/uploads\/2023\/12\/Foto-Alex-Krimmer-2-285x300.jpg\" alt=\"\" width=\"155\" height=\"163\" srcset=\"https:\/\/new.buerger-fuer-eching.de\/wp-content\/uploads\/2023\/12\/Foto-Alex-Krimmer-2-285x300.jpg 285w, https:\/\/new.buerger-fuer-eching.de\/wp-content\/uploads\/2023\/12\/Foto-Alex-Krimmer-2.jpg 606w\" sizes=\"auto, (max-width: 155px) 100vw, 155px\" \/><\/p>\n<p><strong><br \/>Geboren:<\/strong>\u00a0 1976<\/p>\n<p><strong>Beruf:\u00a0<\/strong> Dipl.Ing. \/ selbst\u00e4ndiger Energieberater \/ GF HVK Eching GmbH &amp; Co. KG<\/p>\n<p><strong>Familienstand:<\/strong>\u00a0 verlobt<\/p>\n<p><strong>Ehren\u00e4mter:<\/strong>\u00a0 Gemeinderat<\/p>\n<p><strong>Interessensschwerpunkte:<\/strong> \u00a0 MTB, Berge allg., Sport, Energieeffizienz, Politik, Hunde<\/p>\n<hr \/>\n<p><strong>\u00a0<\/strong><strong> <br \/><\/strong><\/p>\n<p><strong>\u00a0<\/strong><\/p>\n<p><strong>\u00a0<\/strong><\/p>\n<hr \/>\n<h3>\u00a0<\/h3>\n<h4>\u00a0<\/h4>\n<p><strong>\u00a0<\/strong><\/p>\n<p><strong>\u00a0<\/strong><\/p>\n<p><strong>\u00a0<\/strong><\/p>\n<p><strong>\u00a0<\/strong><\/p>\n<p><strong>\u00a0<\/strong><strong>\u00a0<\/strong><\/p>\n<hr \/>\n<p><strong>\u00a0<\/strong><\/p>\n\n\n<p><\/p>\n\n\n\n<p><\/p>\n\n\n\n\n\n\n\n<p><\/p>\n\n\n\n<p><\/p>\n","protected":false},"excerpt":{"rendered":"<p>B\u00fcrger f\u00fcr Eching &#8211; Echinger Mitte &#8211; \u00d6DP Michaela Holzer Gemeinder\u00e4tin B\u00fcrger f\u00fcr EchingFraktionsvorsitzende Mitglied in folgenden Aussch\u00fcssen und Verb\u00e4nden: \u00a0\u00a0 Haupt- und Finanzausschuss Zweckverband Erholungsgebiet Hollerner See Eching\/Unterschlei\u00dfheim Geboren: 1964 Beruf: Rechtsanwaltsfachangestellte Familienstand: verheiratet, 2 Kinder Ehren\u00e4mter: Gemeinder\u00e4tin seit 2014, Wahlhelferin, Schriftf\u00fchrerin der B\u00fcrger f\u00fcr Eching e.V. Interessenschwerpunkte:\u00a0 Hollerner See, Verkehr, B\u00fcrgerbeteiligung Kontakt: michaela-holzer@buerger-fuer-eching.de &hellip; <\/p>\n<p><a class=\"more-link btn\" href=\"https:\/\/new.buerger-fuer-eching.de\/?page_id=102\">Weiterlesen<\/a><\/p>\n","protected":false},"author":2,"featured_media":1065,"parent":0,"menu_order":0,"comment_status":"closed","ping_status":"open","template":"","meta":{"footnotes":""},"class_list":["post-102","page","type-page","status-publish","has-post-thumbnail","hentry","nodate","item-wrap"],"_links":{"self":[{"href":"https:\/\/new.buerger-fuer-eching.de\/index.php?rest_route=\/wp\/v2\/pages\/102","targetHints":{"allow":["GET"]}}],"collection":[{"href":"https:\/\/new.buerger-fuer-eching.de\/index.php?rest_route=\/wp\/v2\/pages"}],"about":[{"href":"https:\/\/new.buerger-fuer-eching.de\/index.php?rest_route=\/wp\/v2\/types\/page"}],"author":[{"embeddable":true,"href":"https:\/\/new.buerger-fuer-eching.de\/index.php?rest_route=\/wp\/v2\/users\/2"}],"replies":[{"embeddable":true,"href":"https:\/\/new.buerger-fuer-eching.de\/index.php?rest_route=%2Fwp%2Fv2%2Fcomments&post=102"}],"version-history":[{"count":58,"href":"https:\/\/new.buerger-fuer-eching.de\/index.php?rest_route=\/wp\/v2\/pages\/102\/revisions"}],"predecessor-version":[{"id":1105,"href":"https:\/\/new.buerger-fuer-eching.de\/index.php?rest_route=\/wp\/v2\/pages\/102\/revisions\/1105"}],"wp:featuredmedia":[{"embeddable":true,"href":"https:\/\/new.buerger-fuer-eching.de\/index.php?rest_route=\/wp\/v2\/media\/1065"}],"wp:attachment":[{"href":"https:\/\/new.buerger-fuer-eching.de\/index.php?rest_route=%2Fwp%2Fv2%2Fmedia&parent=102"}],"curies":[{"name":"wp","href":"https:\/\/api.w.org\/{rel}","templated":true}]}}